 = -2*i**2 - 4*i - 2. Determine k(l).
-2
Let v = -20 + 17. Let q be -1*2/v*36/8. Let d(f) = -f**2 - 3*f + 3. Calculate d(q).
-15
Let k(i) = -i + 32. Let g(n) = n - 30. Let r(l) = -5*g(l) - 4*k(l). Determine r(10).
12
Let v(a) = 24 - 6*a + 38*a - 15*a - 6*a - 12*a. Give v(8).
16
Let w = -1 - 1. Let c(s) be the second derivative of -s**4/6 - s**3/2 - s**2/2 + 113*s. Give c(w).
-3
Let a(m) = m**2 + 2*m - 3. Suppose 5*n - l = 2, -4 = -3*n + 5*l - 16. Let z(f) = -6*f**3 + f**2 - f. Let v be z(n). Let w be (v/8)/(4/(-16)). Determine a(w).
12
Let c(z) = -5*z + 1. Let r(s) = 22*s - 5. Let i(u) = 9*c(u) + 2*r(u). Let p be 6/((3/3)/1). Suppose -3*k + p*k = -3. Determine i(k).
0
Let l be (1/(-1) - 33)/(-2). Let w(x) = -x - 13*x**2 + l*x**2 + 5 - 4. Suppose 0 = -r + 3*r - 2. What is w(r)?
4
Let h(x) = -6*x - 2. Let w be h(-1). Suppose p + 4*p - 19 = w*g, -2*g + 3*p = 9. Let i(n) = -n**2 - 8*n. Determine i(g).
12
Suppose 32 = 4*d + 4*p, 25 = -d + 3*d + 5*p. Let v(q) be the third derivative of 0 - 5/6*q**3 + 1/10*q**5 + 0*q - 1/4*q**4 - 1/120*q**6 - 12*q**2. What is v(d)?
-10
Let u(y) = -y**3 - 35*y**2 + 3*y + 106. Let d be u(-35). Let k(q) be the first derivative of -7*q**3/3 + q**2/2 - q + 2. What is k(d)?
-7
Let g(s) = 3*s**2 + 3*s - 6. Let b(i) = -i**2 - i + 2. Let q(c) = -4*b(c) - g(c). Determine q(3).
10
Let l = 3 - 6. Let q(z) = -5*z. Let v(c) = 26*c. Let p be 2*2/(5 - 3). Let g(f) = p*v(f) + 11*q(f). Determine g(l).
9
Let x(c) = -2*c**3 - 2*c**2 + 4*c + 7. Let r be x(-1). Let k(w) = w**3 - 6*w**2 + 5*w - 2. Determine k(r).
-14
Let w(m) = m**2 + 2*m - 5. Let u be w(-4). Let f = 2 + -1. Let k(d) = u - f - 1 + d. Calculate k(-2).
-1
Suppose 5*t - 5 = -0*a - a, a = -3*t - 1. Let v = a + 7. Let c(w) = -w - 4. Determine c(v).
-1
Let b(p) = -p**2 + 4*p - 2. Let z be b(5). Suppose -2*f - 62 = -2*w, -3*w + 57 + 30 = 3*f. Let x(q) = -29*q + w*q + 6 + 4 - 2. Give x(z).
1
Let p(r) = r**3 + 5*r**2 - 6*r - 5. Suppose 0 = 3*h + o - 7, 0*o + 4 = -2*h - 5*o. Suppose -1 = -2*x - h*d, 0 = -3*d - 5 - 4. Let v = -11 + x. Give p(v).
-5
Let v(q) = 2*q**3 - 6*q**2 + 3*q - 6. Suppose 4*z = 92*k - 93*k - 8, 2*k - z - 11 = 0. Calculate v(k).
38
Let t(v) be the second derivative of v**5/20 - 7*v**4/6 + 3*v**2 + 5*v - 7. Give t(14).
6
Let u(p) = p**2 + 9*p - 1. Suppose 95*g + 312 = 43*g. Give u(g).
-19
Let l(c) = -c**2 + 7*c - 2. Let i(y) = y**2 - 9*y + 2. Let j(v) = 5*i(v) + 6*l(v). What is j(4)?
-30
Let g(k) be the third derivative of -k**6/120 + k**5/10 - k**4/24 + k**3/2 + 36*k**2. Give g(6).
-3
Let i be 232/(-7) + (-19)/(-133). Let q = i - -30. Let o(v) = 2*v - 1. Give o(q).
-7
Let r(b) = b**3 + 4*b**2 + b + 3. Let m be r(-4). Let t(n) = -4*n + 3. Let j(v) = v. Let g(w) = m*t(w) - 6*j(w). Give g(-5).
7
Let y(c) = -60*c - 34*c + 3 + 3 + 61*c - 5. What is y(1)?
-32
Let g(x) = 3*x**2 + 2*x + 15. Let d(z) = 2*z**2 + z + 14. Let p(y) = 4*d(y) - 3*g(y). What is p(-5)?
-4
Let m(h) = -6*h - h**3 - 7*h**2 - 13 - 5*h - 3*h**2. Give m(-9).
5
Let v be (0/1)/(5 - 4). Let q = v - -1. Let g(t) = -14*t**2 + 7*t + 5. Let c(f) = -f**2 + f + 1. Let j(r) = -6*c(r) + g(r). Give j(q).
-8
Suppose 7 = 3*r + s + s, 2*s = 4. Suppose 3*c = -4*g - 7, 8 = 2*g - c - r. Let k(j) = -3*j**3 + 3*j - 1. Calculate k(g).
-19
Suppose i - 5*k - 9 = 5*i, 5*i + k = -27. Let r(z) = z**3 + 3*z**2 - 8*z - 7. Determine r(i).
-67
Let j(y) = 2*y**2 - 6*y - 2. Suppose 3*k + 3*c - 15 = 6*c, 4*k + c - 20 = 0. Determine j(k).
18
Let u(g) = -99*g + 97*g - 1 + 1 - 4*g**2 - 2*g**3. Give u(-2).
4
Let k(b) = b**2 - 8*b + 13. Suppose -t + 30 = 4*t. Let h be k(t). Let x(o) = 0 + 2*o - 1 - 4 + h + o**2. Calculate x(-4).
4
Let a(x) = x**2 + 10*x + 6. Let l(h) = -4*h**3 + 4*h**2 - 4*h - 1. Let o be l(1). Calculate a(o).
-19
Let g = -38 - -37. Suppose 2*p = 3*f - 1 - 6, -2*p - 2 = 2*f. Let r(w) = 4*w**2 - 5*w**2 + 10*w**2 + 2*w + f + 0*w**2. Calculate r(g).
8
Let x(r) = -r**3 - 8*r**2 - 7*r. Let i = -114 + 80. Let s be -54*(-1 + (-3)/(-2)). Let t = i - s. Determine x(t).
0
Let z(b) = b**3 + b**2 - 2*b + 1. Let r(c) be the first derivative of -c**2 - 41*c + 1. Let d be r(-22). Calculate z(d).
31
Let q(l) be the second derivative of -l**5/60 + l**4/4 - l**3 + 7*l**2 + 9*l. Let t(y) be the first derivative of q(y). Give t(4).
2
Let k(y) = -y + 2. Suppose -5*n - 24 - 36 = 0. Let o be (4/(-16))/(1/n). Suppose w = 4*w - o. What is k(w)?
1
Let u(k) = k**3 - k**2. Suppose 6*v = 7*v - 19. Suppose 7*w = v*w - 12. Determine u(w).
0
Suppose -27*u = -3*g - 28*u - 5, 0 = g - 4*u + 19. Let w(d) be the second derivative of 0 - 1/2*d**2 - 1/6*d**3 - 2*d. What is w(g)?
2
Suppose 4*p = 2*l + 12, -16*l - p = -23*l - 55. Let m(f) = -f - 3. Let j(h) = -3*h - 9. Let o(d) = 4*j(d) - 11*m(d). Calculate o(l).
5
Suppose 3*b - 4*n - 52 = 0, b - 17 = -0*n + n. Let a = b + -17. Let r(s) = -13*s - 3. Let j(v) = -v - 1. Let l(u) = a*r(u) + 4*j(u). Calculate l(-1).
-10
Let y(p) be the first derivative of -p**2/2 + 22*p + 144. What is y(0)?
22
Let t(r) = -2*r + 24. Let u be t(6). Suppose 5*j = 7 - u. Let f(n) = 13*n - 1. Give f(j).
-14
Let w(h) be the first derivative of -h**4/24 - h**3/3 - 9*h**2/2 + 3. Let r(v) be the second derivative of w(v). Give r(5).
-7
Let p(y) = -y**3 - 31*y**2 - y - 37. Let u be p(-31). Let d(f) = f + 3. Give d(u).
-3
Let m be (-4)/18 + 33/27. Let w(r) = 4*r**2 - m + 2*r - r - r. Let u be 2*(-3)/6*1. Calculate w(u).
3
Let w(k) be the second derivative of 2*k**2 - 5*k - 1/6*k**3 + 0. What is w(4)?
0
Let z(r) = r**2 - 9*r - 10. Let n be z(-1). Let o(p) = -6*p. Give o(n).
0
Suppose -10*d = 126 + 454. Let f = 58 + d. Let w(n) = -n + 1. Calculate w(f).
1
Let z(a) = 6*a + 1. Let s be (-2)/(6/(-3)) - 0. Suppose 0 = -4*m + 33 - s. Let q be 12/16*m/6. Calculate z(q).
7
Let y(w) = -w**3 + 5*w**2 - 4*w - 5. Let c(f) = -f**3 - 20*f**2 - 17*f + 42. Let t be c(-19). Calculate y(t).
-5
Let c(d) = -d - 2. Let j(i) = -i - 3. Let a(w) = 8*c(w) - 5*j(w). Let x be (-150)/39 + (-12)/78. Give a(x).
11
Let p(n) be the first derivative of n**4/4 + n**3/3 + n - 1. Let y = 5 + -8. What is p(y)?
-17
Suppose 0 = -19*r + 3*r - 528. Let z(s) = s**3 + 33*s**2 + s + 33. Determine z(r).
0
Let i be (-66)/(-3 - -6 - (-27)/(-6)). Suppose -i = a - 46. Let h(l) = 2*l**2 - 2*l - 1. Calculate h(a).
3
Suppose 5*c + 24 = 39. Let i(v) = 8 - v**3 + 3 - 13 + 2*v. Determine i(c).
-23
Let i(u) = -2*u**3 + 8*u**2 + 12*u - 8. Let y(j) = j**3 - 4*j**2 - 6*j + 4. Let t(p) = -3*i(p) - 5*y(p). Give t(5).
-1
Let r = -6 - -11. Suppose -v + r*v - 100 = 0. Suppose -a = -b - 5, -b + 0*b = -5*a + v. Let m(z) = -z**2 + z - 19. Calculate m(b).
-19
Suppose -109*f + 37*f - 1008 = 0. Let v(q) = -3*q - 36. Give v(f).
6
Suppose -3*t - 10*h - 14 = -14*h, -5*t = 2*h + 6. Let o(m) = 6*m**2 - m + 1. Calculate o(t).
27
Let p(w) = 5*w**2 + 17*w - 3*w**2 - 1 + 2*w**3 - 6*w - 11*w. Suppose -2*a - 3*a - 10 = 0. Determine p(a).
-9
Let j(d) = d**3 - 6*d**2 - 5*d + 5. Let x be j(7). Let z = x + -12. Let v(f) = 3 + 6*f + z - 2 - 12. Determine v(3).
14
Let u(n) = 3 - 2 + n + n + 0*n. Let s(z) = 2*z**2 - 41*z - 26. Let k be s(21). Give u(k).
-9
Let b(s) = 2*s**3 + 2*s**2 - 2*s - 1. Let t(i) = 7*i**3 + 5*i**2 - 5*i - 4. Let n(r) = 3*b(r) - t(r). Let m(z) = z**2 - z + 1. Let a be m(1). Give n(a).
0
Let r(y) be the second derivative of 2*y**3/3 + y**2/2 - 173*y. Calculate r(1).
5
Let x(r) be the second derivative of -r**3/6 - r**2 + 19*r. Suppose 6*t = 2*a + 11*t + 25, 2*a - 15 = 3*t. Determine x(a).
-2
Let s be (-7 + 9 - 2)/(-3 + -1). Let b(t) = -3*t**3 + 0*t + t + 2*t**3. What is b(s)?
0
Let d(x) = -6*x**2. Let s(r) = r**2 - 2*r - 10. Let h be s(0). Let b = h - -12. Let u be (-2)/b*(7 - 6). Calculate d(u).
-6
Let j(g) = 2*g - 11. Let k(a) = -a + 15. Let m(z) = -3*j(z) - 2*k(z). Determine m(0).
3
Let y(d) = -3*d**3 + 6*d**2 + 11*d - 4. Let w(h) = 2*h**3 - 5*h**2 - 9*h + 3. Let i(q) = -4*w(q) - 3*y(q). Determine i(-2).
-6
Suppose 0 = 2*t + 10. Let i(j) = -j**2 - 4*j + 4. Let q(v) = 2*v**2 + 9*v - 7. Let b(x) = t*i(x) - 3*q(x). What is b(-7)?
1
Let l(w) = 2*w**2 - 2*w + 1. Suppose -10*t + 11*t = 1. Let x be (t + 4/(-6))/((-5)/(-45)). What is l(x)?
13
Let h(l) be the second derivative of -l**3/3 + 29*l**2/2 + 11*l - 1. Calculate h(12).
5
Let h(x) = x + 4. Let k be (-666)/(-21) + 8/28. Suppose -k = 2*m - w, 4*w = -m - 0*